of u**3/3 + 4*u**2 + 8*u - 212. Calculate a(-9).
17
Let f(d) = -8*d**2 + 2*d - 1. Let r(o) = 4*o + 8. Let k be r(4). Let p be 1*-3*(-2 + 40/k). What is f(p)?
-7
Let a(f) = f**3 + 8*f**2 - 2*f - 14. Let q be a(-8). Let m(p) = -7*p + 8. Let k(b) = -3*b + 4. Let u(t) = 5*k(t) - 2*m(t). Calculate u(q).
2
Let r(h) = -14*h**3 + h. Let y be 1/2 + (-60)/40 + 2. Give r(y).
-13
Let t(p) = p**2 + 5*p - 5. Suppose -4*d = -3*d + 5. Let a(o) = -o**3 - 4*o**2 - 3. Let c be a(d). Suppose -2*i + 0*g - c = 3*g, i = -2*g - 13. Determine t(i).
-5
Suppose -3*y + 1 = 5*t - 14, y - 5 = -2*t. Suppose -2*z = -0 - 12. Let h(d) = 12*d**2 - 9*d**2 - 2*d**2 - z - 6. Calculate h(t).
-12
Let a(o) = -o**2 + 6*o - 5. Let g be 0*(-1 - 0 - 9/(-6)). Suppose v - 3*h = 0, 4*v + g*h + 4*h = 32. Give a(v).
-5
Let g(r) = 9*r**2 + 3*r - 8*r**2 - 5 - 3*r**2 + r**2. Let m be g(3). Let p(c) = -c**3 - 6*c**2 - 6*c + 3. Determine p(m).
8
Let x(k) = 8*k**2 + 10*k + 1. Let q(u) = -2*u**2 - u + 1. Let f(y) = 5*q(y) + x(y). Give f(5).
-19
Let p(w) = 10*w + w**2 - 18*w + 2 + 13*w + 1. Determine p(-5).
3
Suppose 5*a - 63 = 2*f, -a + 11*f + 31 = 6*f. Let i(d) = d**2 - 13*d - 5. Determine i(a).
-27
Let v = 40 - 35. Let g be v/(-15) - (-2 + 104/12). Let l(u) = u**2 + 7*u + 4. Calculate l(g).
4
Let x(n) be the second derivative of n**6/360 - n**5/60 - 7*n**4/6 - 31*n. Let d(u) be the third derivative of x(u). Determine d(2).
2
Let f(p) = -15*p + 1. Suppose 4*q - 14 = -6. Suppose -4*c + 2 + q = 0. Give f(c).
-14
Let j(y) = 11*y**3 + 31*y**2 + 20*y + 1. Let c(o) = -4*o**3 - 11*o**2 - 7*o. Let a(q) = -8*c(q) - 3*j(q). Calculate a(-2).
-7
Let h(x) = x**3 - 2*x**2 - 3*x - 3. Let n be 18/(-2)*(-96)/216. What is h(n)?
17
Let g(o) = o**2 - 9*o - 1. Suppose -8*k + 51 + 21 = 0. Determine g(k).
-1
Let d = 788 - 776. Let v(k) = k**2 - 12*k - 2. Determine v(d).
-2
Let n(f) = 2*f**3 - f + 25. Suppose -4633*u + 4634*u = 0. Give n(u).
25
Let l(p) = p**2 - 4*p - 7. Let z(v) = -v**2 - 14*v + 19. Let o be z(-15). Suppose 3 = o*a - 21. What is l(a)?
5
Let h = 306 + -307. Let x(j) = 9*j**2 - 1. Determine x(h).
8
Let o be -3 + 28/(-3 + 4). Suppose 5*j = -4*u + o, 0 = -5*j + 2*u - 7*u + 25. Let w(r) = -3*r + 3. Calculate w(j).
-12
Let c(m) be the second derivative of -2*m**3/3 - 5*m**2 - 3*m - 2. Give c(-3).
2
Let j(t) = 21*t + 1. Let m(o) = -42*o - 3. Let q(f) = -5*j(f) - 2*m(f). Determine q(-1).
22
Let a(v) = v**2 + 7*v - 3. Let d be -1*(1 - (-2 - 2)). Let g be d/(-20) + (-14)/(-8). Suppose g = 3*k + 23. Determine a(k).
-3
Let j(p) = -8*p**3 + 2*p**2 - 2*p + 1. Suppose -10*g + 9*g + 4*s = -13, 12 = -4*s. Determine j(g).
-7
Let c(h) = 7*h**2 + 4*h - 10. Let g(n) = 8*n**2 + 4*n - 9. Let s(a) = 7*c(a) - 6*g(a). Let v(m) be the first derivative of s(m). Calculate v(-6).
-8
Let n(v) = 2*v + 3. Let g(f) = -43*f - 210. Let x be g(-5). Calculate n(x).
13
Let t = -19 - -24. Suppose -t*x + 7 = 17. Let n(q) = q**2 + 3*q + 2. Give n(x).
0
Let o(a) = 2*a**3 - a - 5. Let n(b) = -4*b**3 - b**2 + 3*b + 11. Let r(y) = -3*n(y) - 7*o(y). Let f be (-4)/(-9)*(-12 - 594/(-36)). What is r(f)?
-6
Let j(h) = -41*h - 29. Let y(c) = 33*c + 28. Let p(i) = 3*j(i) + 4*y(i). What is p(-3)?
-2
Let d(z) be the third derivative of -z**6/120 + 7*z**5/60 - 7*z**4/24 + 2*z**3/3 - 13*z**2. Let l = 13 + -7. Give d(l).
-2
Let g = -162 + 162. Let j(v) = -v**3 - 11*v**2 + 11*v - 9. Let m be j(-12). Let q(i) = i**3 + 5 - 4*i**3 + 6*i**3 - 4*i**m - i. Determine q(g).
5
Suppose -2*h + 5 = -4*k - 11, -4*h - 4*k - 4 = 0. Let y(z) = 6*z**2 - z. Let n(s) = s**2 + s - 1. Let p(j) = -3*n(j) + y(j). Determine p(h).
7
Let i(u) = 2*u**3 - 2*u**2 - 2*u + 2. Let c be i(0). Let b(m) = c - 18*m + 1 + 26*m. What is b(-3)?
-21
Let d(i) be the second derivative of i**5/60 + i**4/3 + 5*i**3/6 + 8*i**2 - 16*i. Let r(g) be the first derivative of d(g). Determine r(-7).
-2
Let f(a) = 7*a**2 + 548*a**3 + 4*a - 12 - 1094*a**3 + 547*a**3. Calculate f(-6).
0
Let l(x) = -x - 5. Let j = -12 - -8. Let y be l(j). Let k(q) = 10*q**2 - q. Calculate k(y).
11
Let z(j) = 1 - 2*j**2 + 742*j - 5 + 3*j**2 - 748*j + 3. Let l = 11 - 5. What is z(l)?
-1
Suppose -100 = -28*j - 268. Let w(g) = -g**2 - 4*g - 14. Give w(j).
-26
Let l(r) = r**3 - 5*r**2 + 2*r + 4. Let d = -183 - -187. Calculate l(d).
-4
Let s(x) = x**3 + 3*x**2 - 6*x - 1. Suppose 0 = 57*t + 325 - 97. What is s(t)?
7
Let w(o) = o**3 - 6*o**2 + 7*o - 7. Let f = 0 - -4. Suppose 2*u + 2 = -4*k - f, -5*u + 5*k = -45. Calculate w(u).
3
Let b = -8 + 12. Let y(q) be the second derivative of 12*q + 0 + 2*q**2 - 1/6*q**3. Give y(b).
0
Let n be 5 + (-9)/((-27)/12) + -7. Let x(z) = -5*z**2. Give x(n).
-20
Let c(k) = -k**2 + 5*k - 6. Let z = -8 - -88. Let t = z - 51. Suppose -4 = 5*s - t. Calculate c(s).
-6
Let v(t) = -20*t + 14. Let s(b) = -13*b + 9. Let q(z) = -8*s(z) + 5*v(z). What is q(4)?
14
Let o(u) = -u**3 + u**2 + 3*u - 4. Suppose 8*p + 35 = -61. Let h be (-4)/p + 8/3. Give o(h).
-13
Let g(z) = -234*z - 1 + 233*z + 15*z**2 - z**2. Let s(k) = -1 + 1 - 5*k**2. Let y(a) = -6*g(a) - 17*s(a). Give y(-5).
1
Let k(t) = t**2 + 5*t - 2. Suppose -5*r + 4 = -4*r. Let o(d) = d**3 - d. Let v be o(0). Suppose v = -3*m - 2*h + 6*h - 22, -5*m - 26 = r*h. Calculate k(m).
4
Let v(m) = -521*m + 125*m + 132*m + 128*m + 2 + 132*m. Calculate v(-3).
14
Let y be (-153)/(-21) - 4/14. Let f(t) = -26*t - 23*t - 10 + 89*t - 39*t. Give f(y).
-3
Let k(j) = -j**3 - 4*j**2 + 6*j - 4. Let a be k(-5). Let o(z) be the third derivative of z**5/60 + z**4/3 - 7*z**3/6 - 7*z**2 + 13. Determine o(a).
2
Let h(d) be the first derivative of -1/3*d**3 - 38 - 5*d + 1/2*d**2. Suppose 20 = 5*s - 7*c + 2*c, 0 = s - 3*c - 12. Determine h(s).
-5
Let k(z) be the third derivative of -5*z**4/24 - 5*z**3/6 + 4*z**2 + 29*z. Give k(-2).
5
Let c(l) = -2*l - 15. Let r be c(-8). Let d(y) = 4*y**3 + y**2 + y + 4. Let s(w) = -5*w**3 - w**2 - w - 5. Let k(n) = -6*d(n) - 5*s(n). Calculate k(r).
0
Suppose -3*o = -3*l + 405, 4*l - 530 - 2 = -4*o. Let f = l - 138. Let j(v) = 8*v + 5. Give j(f).
-27
Let c(r) = r + 1. Let o be (3 + 5)*(-14)/(-8). Let a = 13 - o. Let j be (6/7)/(a/(-7)). Give c(j).
7
Let z(b) = -8*b + 135 + 2*b + 4*b - 117. Determine z(6).
6
Suppose -i + 33 = 30. Suppose 0 = 5*g - 9 - 1. Let f(v) = -4*v + v - 8*v**i + g*v. Determine f(-1).
9
Let o(w) = -2*w - 9. Let x = -44 - -28. Let r(c) = c**2 + 15*c - 22. Let u be r(x). What is o(u)?
3
Let l be (-1 + 0)/(5/25). Let p(i) = -2*i**2 - 5*i**2 - 6*i - 3 + i**2 - i**3. Give p(l).
2
Let m(p) = 150*p + 139*p + 7*p**2 - 290*p. Suppose 3 = 4*d - 1. Give m(d).
6
Let t(r) = -r**2 + 38*r - 358. Let m be t(16). Let q(h) = 14*h + 23. Let s(o) = 5*o + 8. Let g(n) = 6*q(n) - 17*s(n). Give g(m).
8
Let f(s) be the third derivative of 1/2*s**3 + 1/60*s**5 + 1/24*s**4 + 3*s**2 + 0 + 0*s. Calculate f(0).
3
Let k(i) = i**3 + 4*i**2 - 77*i + 10. Let g be k(7). Let a(v) = v**2 - 11*v - 1. Determine a(g).
-11
Let p(q) = -1. Let j(y) = y. Let v(s) = 2*j(s) + 2*p(s). Suppose 2*r - 5 = x - 1, 12 = -3*x - 4*r. What is v(x)?
-10
Let q(k) = -3*k - 1 - 3*k - k. Let v = 25 - 20. Suppose 5*n - 20 = v*l, -3*n - 4*l + 2*l = -2. Determine q(n).
-15
Suppose -2*s - 4 = -2*r, 4*s = -r - 8 - 0. Suppose -4*o - n + 0*n - 13 = r, -o + 11 = 5*n. Let k(i) = 2*i - 5. Calculate k(o).
-13
Let v(d) = -40 + 24 + 40*d - 35*d. What is v(8)?
24
Let r(m) be the third derivative of -m**4/24 - m**3/3 + 30*m**2. Let k(c) = -c**3 - 6*c**2 - 6*c - 7. Let u be k(-5). Determine r(u).
0
Suppose -4*y + 28 = 2*n, -6*y = 5*n - 2*y - 76. Suppose 0 = -12*u + 8*u + n. Let d(z) = -5*z + 4. What is d(u)?
-16
Let i(n) = -n**3 + 5*n**2 - 1. Let c = -9 - -10. Suppose -o + 17 = 3*d, -4*d - 3 - c = -4*o. Determine i(o).
-1
Suppose 0 = 2*q + 12. Let g(k) = k**2 - 8*k. Let a(m) = 5*m**2 + 7*m - 1. Let z(f) = f**2. Let w(u) = a(u) - 6*z(u). Let o(j) = q*g(j) - 7*w(j). Determine o(0).
7
Let q(w) be the second derivative of w**5/120 - w**4/12 + 11*w**3/2 - w**2/2 + 55*w. Let x(r) be the second derivative of q(r). Determine x(3).
1
Let a be 2/(-3) - 17/(-3). Suppose -4*b - 28 = -2*n, -b = -a*b + n - 26. Let m(j) = 2*j + 5. Determine m(b).
-7
Let a = 8 + -5. Let z(p) = -2 + p - a + p**3 + 0*p. Suppose -6*h = -13*h. Calculate z(h).
-5
Let b(u) = -4*u + 46. Let t be b(-14). Let q be t/18 - 15/9. Let c(h) = -h**3 + 5*h**2 